f j and 12.
12
Let m = 5 + -4. Let j be (-1)/(m*3/(-6)). What is the greatest common factor of j and 22?
2
Let r = -98 - -138. Suppose 5*w = w + r. Let n be (21/(-6) - -1)*-2. Calculate the greatest common divisor of w and n.
5
Let p = -6 + 9. Let i = 5 - p. Suppose 0 = -i*d + 87 - 17. What is the greatest common divisor of 5 and d?
5
Let o(g) = -g**2 + 5*g - 2. Let i be o(4). Suppose 17 = 3*b + i. Suppose b*l = d + 3*l - 7, -4*d + 2*l + 22 = 0. What is the greatest common factor of 15 and d?
5
Let p be ((-14)/4)/((-1)/8). Let v = 27 + p. Let s(f) = -f**3 - 4*f**2 + 9*f + 4. Let u be s(-6). Calculate the highest common divisor of u and v.
11
Suppose m - 1 = 4, 2*s - 73 = -m. Let n = s - 20. What is the highest common divisor of n and 42?
14
Let j = -1 + 5. Suppose -j*w + 248 = 4*v, -459 = -5*v + w - 143. Calculate the highest common factor of v and 7.
7
Let z = 319 + -220. What is the highest common divisor of z and 9?
9
Let f be (-39)/(-3) + (2 - -1). Calculate the highest common divisor of f and 16.
16
Suppose 3*r + r - 8 = 0. Let c(o) = -o**3 - 7*o**2 + 8*o + 1. Let p be c(-8). Calculate the greatest common divisor of r and p.
1
Suppose 185 = 3*f - 0*f - 5*m, f - 4*m = 64. Let i be ((-15)/4)/((-9)/f). Suppose -4*b - b + i = 0. What is the greatest common divisor of 10 and b?
5
Suppose -6*i + 7*i = 9. Calculate the highest common divisor of i and 54.
9
Let h be (1 + -15)*-34*(-8)/(-32). Suppose 0*o - 17 = -o. Calculate the greatest common divisor of o and h.
17
Let p be -1 + 4 + (-4 - -1) + 15. What is the highest common factor of 30 and p?
15
Let h(i) = -8*i + 1. Let g be h(1). Let p = 13 + g. Calculate the greatest common divisor of p and 42.
6
Suppose -4*d - d = -20, 8 = 2*x + 2*d. Suppose 3*c + 9 - 24 = x. Calculate the highest common factor of 55 and c.
5
Suppose -6 = -5*c + 39. Let q(z) = z**3 + 2*z - 3. Suppose 7*p - 5 - 9 = 0. Let y be q(p). What is the greatest common factor of c and y?
9
Let b(y) = 5*y - 9. Let s be b(4). Calculate the greatest common divisor of 11 and s.
11
Let a(y) = y**3 - 6*y**2 - 5*y - 6. Let s be a(7). Suppose -10 = -5*l, -2*g - 33 = 3*g + l. Let d = g + 8. What is the highest common factor of d and s?
1
Let j = -6 - -1. Let i be -1 + (-3 - -27) + 3. Let q = i + j. Calculate the greatest common factor of 147 and q.
21
Let x be (-12)/10*105/(-6). Suppose 28 = 3*j + j. What is the greatest common factor of j and x?
7
Let n = 22 - 13. Suppose -2*m = -3 + n. Let c be (-14*9/m)/1. What is the highest common factor of c and 14?
14
Let f(a) = a**3 - 6*a**2 + 7. Let i be f(6). Let x = -2 + 9. What is the greatest common divisor of i and x?
7
Let y be 1/((39/450)/13). Suppose -5*n + 5*c + 170 = 0, 0*c = -5*n + c + y. Calculate the greatest common factor of 261 and n.
29
Let r = -1 - -2. Let x(w) = 16*w**2. Let u be x(r). Suppose 5*p - 275 - 30 = -5*n, 201 = 3*p - 3*n. What is the highest common divisor of p and u?
16
Let u = -123 - -227. Calculate the greatest common divisor of 13 and u.
13
Suppose -2*i = 9*i - 33. What is the highest common factor of i and 3?
3
Let a be 2/7 + 496/28. Let g = 8 + -2. What is the greatest common divisor of a and g?
6
Let g be 14 - (0 - 3 - -5). Let w = 96 + -150. Let t be (-16)/6*w/4. Calculate the highest common factor of g and t.
12
Suppose 0 = 4*n - 5*n + 5. Suppose 76 = 3*l - n*x + 6*x, -l - 2*x + 32 = 0. Let u = 72 - l. What is the greatest common divisor of 12 and u?
12
Let s(a) = -a - 2. Let u be s(-4). Let g = u - -5. Suppose 4*q = 3*q + 7. Calculate the highest common divisor of g and q.
7
Let n = 163 + -334. Let q be n/(-6) + (-2)/4. Calculate the greatest common factor of q and 4.
4
Suppose -5*u - 3*n = -35, 0 = -u + 4*u - 5*n + 13. Suppose u*g - 15 = -5*h + 275, -3*h = -2*g + 134. What is the highest common factor of g and 10?
10
Let n(i) = -i**3 - 10*i**2 + 11*i + 5. Let q be n(-11). Suppose q*z = 30 + 5. What is the greatest common divisor of z and 14?
7
Let p = 17 + -21. Let t be (-18)/p - 2/(-4). What is the greatest common factor of t and 15?
5
Suppose r + 45 = a, 0*r = -a - 3*r + 45. Suppose -3*z = -0*z - a. Suppose z = 4*m + m. Calculate the highest common divisor of m and 12.
3
Let u(f) = -f - 5. Let d be u(-6). Suppose -3*z = 4*n - 36, 8*n - 3*n - 45 = 5*z. What is the greatest common divisor of d and n?
1
Suppose k = -0*k - 24. Let q = 37 + k. Let j be (-41 + 2)/((-2)/2). Calculate the greatest common divisor of j and q.
13
Let r(d) = 2*d**2 + 2*d - 32. Let f be r(-11). What is the highest common divisor of 47 and f?
47
Suppose 0*u = -5*u + 20. Suppose 3*y + 3 = 3*i + 5*y, 2*i - u*y - 18 = 0. Suppose -6 = -0*r - r. What is the highest common factor of r and i?
3
Let v = 277 - 271. Let o be 8/(-2 + 3) + 2. Suppose -20 = -2*c + o. Calculate the highest common factor of v and c.
3
Suppose 2*p = p + 25. What is the greatest common divisor of 10 and p?
5
Let f be 9 + 141 + -4 + 2 + -1. What is the greatest common divisor of 21 and f?
21
Let x = 6 - 6. Suppose 3*o + y - 235 = x, o + 2*o = -3*y + 225. What is the greatest common factor of o and 8?
8
Suppose 0 = -3*u - m + 2*m + 13, -4*m = -5*u + 10. Suppose -2*s + 10 = u. What is the highest common factor of s and 2?
2
Suppose 4*l + 3 + 39 = 2*j, 3*l + 2*j + 28 = 0. Let w = l + 22. What is the highest common divisor of w and 12?
12
Suppose -9*p + 181 = -134. Calculate the greatest common divisor of 10 and p.
5
Let z(t) = t**2 + 2*t - 8. Let b be z(-6). What is the highest common divisor of 144 and b?
16
Let h be -5 + 3/(12/4). Let s be (-117)/(-1 - (4 + h)). Calculate the greatest common divisor of 13 and s.
13
Let u = -6 - -7. What is the greatest common divisor of u and 5?
1
Suppose -3*n - 2*n = 5. Let a(m) = -35*m + 1. Let i be a(n). Calculate the highest common divisor of 24 and i.
12
Let i(y) = -y**3 - 2*y**2 + 4*y + 9. Let b be i(-5). Calculate the greatest common divisor of 16 and b.
16
Suppose 3*u - 10 = -1. Suppose 3 + 0 = -u*q. Let x = q + 8. What is the highest common factor of 21 and x?
7
Let b be 3/(-2) - (-17)/2. Calculate the highest common factor of 28 and b.
7
Suppose 220 + 350 = 2*x + 2*o, 3 = -o. Suppose 5*j - 720 = 4*q, 5*j - x = 3*j - 2*q. Calculate the highest common divisor of j and 16.
16
Let i(b) = -14*b + 6. Let f be i(-3). Calculate the highest common divisor of 6 and f.
6
Let h(w) = -w**3 - 2*w**3 + 0*w**3 + 4*w**3 - 2 - 5*w + 6*w**2. Let v = -6 - 0. Let l be h(v). Calculate the greatest common factor of l and 7.
7
Let a = -49 + 69. Calculate the greatest common divisor of 50 and a.
10
Let i be (1*-2)/(-2)*3. Let t(o) = -2 + 3*o**2 + 4 + 4*o**2 - i*o**2 + 4*o. Let c be t(-4). Calculate the greatest common factor of 20 and c.
10
Let d be 8*12/16*1. Calculate the greatest common factor of d and 10.
2
Suppose 3*o + v = 34, -4*o + v + 78 = 21. What is the greatest common divisor of 1 and o?
1
Let s = 57 + -41. Suppose 28*n = 37*n - 72. Calculate the highest common factor of s and n.
8
Let i = 11 + -12. Let b be (i/(-3))/((-7)/(-126)). Calculate the greatest common factor of 30 and b.
6
Let o be ((-29)/(-58))/((-2)/(0 + -1836)). Calculate the highest common factor of o and 51.
51
Let o(w) = 4*w - 19. Let x be o(8). What is the greatest common divisor of 143 and x?
13
Let l = 129 - 12. What is the highest common divisor of l and 13?
13
Let w be (42 - -3)*(-7)/(-3). Let m = 66 - 24. What is the greatest common factor of w and m?
21
Let o = 330 - 170. What is the greatest common factor of 64 and o?
32
Let p be (-1*20)/(1/4*-2). What is the highest common divisor of 320 and p?
40
Let t(v) = v**3 + v + 9. Let u be t(0). Let h(q) = 3*q**2 - 3*q + 9. Let x be h(4). What is the highest common factor of x and u?
9
Suppose 0 + 158 = 3*t - 2*l, -l = 4. Suppose 0 = 4*i - 22 - t. Calculate the highest common divisor of 45 and i.
9
Let i(x) = 9*x**3 - 7*x**2 + 3*x - 5. Let m be i(5). Suppose 9*t - m = 4*t. Suppose -2*y + 6*y = t. What is the greatest common factor of y and 12?
12
Suppose -5*o - 4 + 94 = 0. Let d = -4 + o. Let w = 39 - d. Calculate the greatest common factor of 5 and w.
5
Let l = 16 + -6. Suppose -g = g - l. Suppose -z = -3*z + g*b + 96, -b - 118 = -3*z. Calculate the highest common divisor of z and 19.
19
Suppose -5*n = -5*p + 104 + 61, p + 3*n = 21. Let s = p - 17. Calculate the highest co